{"id":65,"date":"2025-05-14T14:23:33","date_gmt":"2025-05-14T12:23:33","guid":{"rendered":"http:\/\/gcr-immo.fr\/?page_id=65"},"modified":"2025-05-20T15:49:55","modified_gmt":"2025-05-20T13:49:55","slug":"notre-structure","status":"publish","type":"page","link":"https:\/\/gcr-immo.fr\/?page_id=65","title":{"rendered":"Notre structure"},"content":{"rendered":"\t\t<div data-elementor-type=\"wp-page\" data-elementor-id=\"65\" class=\"elementor elementor-65\">\n\t\t\t\t<div class=\"elementor-element elementor-element-7f79e05 e-flex e-con-boxed wpr-particle-no wpr-jarallax-no wpr-parallax-no wpr-sticky-section-no e-con e-parent\" data-id=\"7f79e05\" data-element_type=\"container\" data-e-type=\"container\" data-settings=\"{&quot;background_background&quot;:&quot;classic&quot;}\">\n\t\t\t\t\t<div class=\"e-con-inner\">\n\t\t<div class=\"elementor-element elementor-element-246d5bd e-con-full e-flex wpr-particle-no wpr-jarallax-no wpr-parallax-no wpr-sticky-section-no e-con e-child\" data-id=\"246d5bd\" data-element_type=\"container\" data-e-type=\"container\">\n\t\t\t\t<div class=\"elementor-element elementor-element-46a6f34 elementor-widget elementor-widget-spacer\" data-id=\"46a6f34\" data-element_type=\"widget\" data-e-type=\"widget\" data-widget_type=\"spacer.default\">\n\t\t\t\t<div class=\"elementor-widget-container\">\n\t\t\t\t\t\t\t<div class=\"elementor-spacer\">\n\t\t\t<div class=\"elementor-spacer-inner\"><\/div>\n\t\t<\/div>\n\t\t\t\t\t\t<\/div>\n\t\t\t\t<\/div>\n\t\t\t\t<div class=\"elementor-element elementor-element-f8f5aec elementor-widget elementor-widget-image\" data-id=\"f8f5aec\" data-element_type=\"widget\" data-e-type=\"widget\" data-widget_type=\"image.default\">\n\t\t\t\t<div class=\"elementor-widget-container\">\n\t\t\t\t\t\t\t\t\t\t\t\t\t\t\t<img fetchpriority=\"high\" decoding=\"async\" width=\"768\" height=\"432\" src=\"https:\/\/gcr-immo.fr\/wp-content\/uploads\/2025\/05\/Visuel-Fabrique-a-motos-sans-logo@1x_1-768x432.jpg\" class=\"attachment-medium_large size-medium_large wp-image-628\" alt=\"\" \/>\t\t\t\t\t\t\t\t\t\t\t\t\t\t\t<\/div>\n\t\t\t\t<\/div>\n\t\t\t\t<\/div>\n\t\t\t\t<div class=\"elementor-element elementor-element-5b39403 elementor-widget elementor-widget-spacer\" data-id=\"5b39403\" data-element_type=\"widget\" data-e-type=\"widget\" data-widget_type=\"spacer.default\">\n\t\t\t\t<div class=\"elementor-widget-container\">\n\t\t\t\t\t\t\t<div class=\"elementor-spacer\">\n\t\t\t<div class=\"elementor-spacer-inner\"><\/div>\n\t\t<\/div>\n\t\t\t\t\t\t<\/div>\n\t\t\t\t<\/div>\n\t\t<div class=\"elementor-element elementor-element-8b8869a e-con-full e-flex wpr-particle-no wpr-jarallax-no wpr-parallax-no wpr-sticky-section-no e-con e-child\" data-id=\"8b8869a\" data-element_type=\"container\" data-e-type=\"container\">\n\t\t\t\t<div class=\"elementor-element elementor-element-5aff68e elementor-widget elementor-widget-spacer\" data-id=\"5aff68e\" data-element_type=\"widget\" data-e-type=\"widget\" data-widget_type=\"spacer.default\">\n\t\t\t\t<div class=\"elementor-widget-container\">\n\t\t\t\t\t\t\t<div class=\"elementor-spacer\">\n\t\t\t<div class=\"elementor-spacer-inner\"><\/div>\n\t\t<\/div>\n\t\t\t\t\t\t<\/div>\n\t\t\t\t<\/div>\n\t\t\t\t<div class=\"elementor-element elementor-element-a259a2c elementor-widget elementor-widget-heading\" data-id=\"a259a2c\" data-element_type=\"widget\" data-e-type=\"widget\" data-widget_type=\"heading.default\">\n\t\t\t\t<div class=\"elementor-widget-container\">\n\t\t\t\t\t<h2 class=\"elementor-heading-title elementor-size-default\">Qui sommes-nous ? <\/h2>\t\t\t\t<\/div>\n\t\t\t\t<\/div>\n\t\t\t\t<div class=\"elementor-element elementor-element-eb7a59a elementor-widget elementor-widget-text-editor\" data-id=\"eb7a59a\" data-element_type=\"widget\" data-e-type=\"widget\" data-widget_type=\"text-editor.default\">\n\t\t\t\t<div class=\"elementor-widget-container\">\n\t\t\t\t\t\t\t\t\t<p>Cr\u00e9\u00e9e en 2010, GCR est <strong>une entreprise sp\u00e9cialis\u00e9e dans la cr\u00e9ation des espaces de travail.<\/strong><\/p><p>Nos domaines d\u2019activit\u00e9s sont multiples avec des<strong> b\u00e2timents artisanaux, des ateliers et industries, des bureaux et plateaux de co-working.<\/strong><\/p><p>Notre parti pris est de proposer la meilleure configuration pour le <strong>bien-\u00eatre des \u00e9quipes et l\u2019efficacit\u00e9 des process.<\/strong><\/p><p>Votre local doit \u00eatre \u00e0 votre image et r\u00e9pondre \u00e0 vos exigences.<\/p><p>Vous avez un projet d\u2019implantation, de cr\u00e9ation ou d\u2019agrandissement ? Prenez rendez-vous avec Julien Cannard.<\/p><div><a href=\"tel:0611496548\">06 11 49 65 48<\/a> \/ <a href=\"mailto:contact@gcr-immo.fr\">contact@gcr-immo.fr<\/a><\/div>\t\t\t\t\t\t\t\t<\/div>\n\t\t\t\t<\/div>\n\t\t\t\t<div class=\"elementor-element elementor-element-7355cb2 elementor-widget elementor-widget-button\" data-id=\"7355cb2\" data-element_type=\"widget\" data-e-type=\"widget\" data-widget_type=\"button.default\">\n\t\t\t\t<div class=\"elementor-widget-container\">\n\t\t\t\t\t\t\t\t\t<div class=\"elementor-button-wrapper\">\n\t\t\t\t\t<a class=\"elementor-button elementor-button-link elementor-size-sm\" href=\"mailto:contact@gcr-immo.fr\">\n\t\t\t\t\t\t<span class=\"elementor-button-content-wrapper\">\n\t\t\t\t\t\t\t\t\t<span class=\"elementor-button-text\">CONTACTEZ-NOUS<\/span>\n\t\t\t\t\t<\/span>\n\t\t\t\t\t<\/a>\n\t\t\t\t<\/div>\n\t\t\t\t\t\t\t\t<\/div>\n\t\t\t\t<\/div>\n\t\t\t\t<div class=\"elementor-element elementor-element-e447159 elementor-widget elementor-widget-spacer\" data-id=\"e447159\" data-element_type=\"widget\" data-e-type=\"widget\" data-widget_type=\"spacer.default\">\n\t\t\t\t<div class=\"elementor-widget-container\">\n\t\t\t\t\t\t\t<div class=\"elementor-spacer\">\n\t\t\t<div class=\"elementor-spacer-inner\"><\/div>\n\t\t<\/div>\n\t\t\t\t\t\t<\/div>\n\t\t\t\t<\/div>\n\t\t\t\t<\/div>\n\t\t\t\t\t<\/div>\n\t\t\t\t<\/div>\n\t\t<div class=\"elementor-element elementor-element-8dc2cd8 e-flex e-con-boxed wpr-particle-no wpr-jarallax-no wpr-parallax-no wpr-sticky-section-no e-con e-parent\" data-id=\"8dc2cd8\" data-element_type=\"container\" data-e-type=\"container\" data-settings=\"{&quot;background_background&quot;:&quot;classic&quot;}\">\n\t\t\t\t\t<div class=\"e-con-inner\">\n\t\t<div class=\"elementor-element elementor-element-45051da e-con-full e-flex wpr-particle-no wpr-jarallax-no wpr-parallax-no wpr-sticky-section-no e-con e-child\" data-id=\"45051da\" data-element_type=\"container\" data-e-type=\"container\" data-settings=\"{&quot;background_background&quot;:&quot;classic&quot;}\">\n\t\t<div class=\"elementor-element elementor-element-01aad88 e-con-full e-flex wpr-particle-no wpr-jarallax-no wpr-parallax-no wpr-sticky-section-no e-con e-child\" data-id=\"01aad88\" data-element_type=\"container\" data-e-type=\"container\" data-settings=\"{&quot;background_background&quot;:&quot;classic&quot;}\">\n\t\t<div class=\"elementor-element elementor-element-e8f5973 e-con-full e-flex wpr-particle-no wpr-jarallax-no wpr-parallax-no wpr-sticky-section-no e-con e-child\" data-id=\"e8f5973\" data-element_type=\"container\" data-e-type=\"container\" data-settings=\"{&quot;background_background&quot;:&quot;classic&quot;}\">\n\t\t<div class=\"elementor-element elementor-element-1303a3d e-con-full e-flex wpr-particle-no wpr-jarallax-no wpr-parallax-no wpr-sticky-section-no e-con e-child\" data-id=\"1303a3d\" data-element_type=\"container\" data-e-type=\"container\">\n\t\t\t\t<\/div>\n\t\t<div class=\"elementor-element elementor-element-cb654de e-con-full e-flex wpr-particle-no wpr-jarallax-no wpr-parallax-no wpr-sticky-section-no e-con e-child\" data-id=\"cb654de\" data-element_type=\"container\" data-e-type=\"container\">\n\t\t\t\t<\/div>\n\t\t<div class=\"elementor-element elementor-element-a995e35 e-con-full e-flex wpr-particle-no wpr-jarallax-no wpr-parallax-no wpr-sticky-section-no e-con e-child\" data-id=\"a995e35\" data-element_type=\"container\" data-e-type=\"container\">\n\t\t\t\t<\/div>\n\t\t<div class=\"elementor-element elementor-element-dbcd015 e-con-full e-flex wpr-particle-no wpr-jarallax-no wpr-parallax-no wpr-sticky-section-no e-con e-child\" data-id=\"dbcd015\" data-element_type=\"container\" data-e-type=\"container\">\n\t\t\t\t<div class=\"elementor-element elementor-element-be43b94 elementor-view-default elementor-position-block-start elementor-mobile-position-block-start elementor-widget elementor-widget-icon-box\" data-id=\"be43b94\" data-element_type=\"widget\" data-e-type=\"widget\" data-widget_type=\"icon-box.default\">\n\t\t\t\t<div class=\"elementor-widget-container\">\n\t\t\t\t\t\t\t<div class=\"elementor-icon-box-wrapper\">\n\n\t\t\t\t\t\t<div class=\"elementor-icon-box-icon\">\n\t\t\t\t<a href=\"https:\/\/www.google.fr\/maps\/place\/10+Rue+Alexandre+Graham+Bell,+70190+Rioz\/@47.4372939,6.055785,17z\/data=!3m1!4b1!4m6!3m5!1s0x47929a99ccaae32d:0xf30b9d061c8598d9!8m2!3d47.4372904!4d6.0606559!16s%2Fg%2F11vm2vnbdh?entry=ttu&#038;g_ep=EgoyMDI1MDUxMy4xIKXMDSoASAFQAw%3D%3D\" class=\"elementor-icon\" tabindex=\"-1\">\n\t\t\t\t<svg aria-hidden=\"true\" class=\"e-font-icon-svg e-fab-periscope\" viewBox=\"0 0 448 512\" xmlns=\"http:\/\/www.w3.org\/2000\/svg\"><path d=\"M370 63.6C331.4 22.6 280.5 0 226.6 0 111.9 0 18.5 96.2 18.5 214.4c0 75.1 57.8 159.8 82.7 192.7C137.8 455.5 192.6 512 226.6 512c41.6 0 112.9-94.2 120.9-105 24.6-33.1 82-118.3 82-192.6 0-56.5-21.1-110.1-59.5-150.8zM226.6 493.9c-42.5 0-190-167.3-190-279.4 0-107.4 83.9-196.3 190-196.3 100.8 0 184.7 89 184.7 196.3.1 112.1-147.4 279.4-184.7 279.4zM338 206.8c0 59.1-51.1 109.7-110.8 109.7-100.6 0-150.7-108.2-92.9-181.8v.4c0 24.5 20.1 44.4 44.8 44.4 24.7 0 44.8-19.9 44.8-44.4 0-18.2-11.1-33.8-26.9-40.7 76.6-19.2 141 39.3 141 112.4z\"><\/path><\/svg>\t\t\t\t<\/a>\n\t\t\t<\/div>\n\t\t\t\n\t\t\t\n\t\t<\/div>\n\t\t\t\t\t\t<\/div>\n\t\t\t\t<\/div>\n\t\t\t\t<div class=\"elementor-element elementor-element-378e6dd elementor-widget elementor-widget-text-editor\" data-id=\"378e6dd\" data-element_type=\"widget\" data-e-type=\"widget\" data-widget_type=\"text-editor.default\">\n\t\t\t\t<div class=\"elementor-widget-container\">\n\t\t\t\t\t\t\t\t\t<p><a href=\"https:\/\/www.google.fr\/maps\/place\/10+Rue+Alexandre+Graham+Bell,+70190+Rioz\/@47.4372939,6.055785,17z\/data=!3m1!4b1!4m6!3m5!1s0x47929a99ccaae32d:0xf30b9d061c8598d9!8m2!3d47.4372904!4d6.0606559!16s%2Fg%2F11vm2vnbdh?entry=ttu&amp;g_ep=EgoyMDI1MDUxMy4xIKXMDSoASAFQAw%3D%3D\">10 Rue Graham Bell &#8211; ZA3R &#8211; 70190 RIOZ<\/a><\/p>\t\t\t\t\t\t\t\t<\/div>\n\t\t\t\t<\/div>\n\t\t\t\t<div class=\"elementor-element elementor-element-e6abcd5 elementor-widget elementor-widget-spacer\" data-id=\"e6abcd5\" data-element_type=\"widget\" data-e-type=\"widget\" data-widget_type=\"spacer.default\">\n\t\t\t\t<div class=\"elementor-widget-container\">\n\t\t\t\t\t\t\t<div class=\"elementor-spacer\">\n\t\t\t<div class=\"elementor-spacer-inner\"><\/div>\n\t\t<\/div>\n\t\t\t\t\t\t<\/div>\n\t\t\t\t<\/div>\n\t\t\t\t<\/div>\n\t\t<div class=\"elementor-element elementor-element-052ee13 e-con-full e-flex wpr-particle-no wpr-jarallax-no wpr-parallax-no wpr-sticky-section-no e-con e-child\" data-id=\"052ee13\" data-element_type=\"container\" data-e-type=\"container\">\n\t\t\t\t<div class=\"elementor-element elementor-element-7b5f2eb elementor-view-default elementor-position-block-start elementor-mobile-position-block-start elementor-widget elementor-widget-icon-box\" data-id=\"7b5f2eb\" data-element_type=\"widget\" data-e-type=\"widget\" data-widget_type=\"icon-box.default\">\n\t\t\t\t<div class=\"elementor-widget-container\">\n\t\t\t\t\t\t\t<div class=\"elementor-icon-box-wrapper\">\n\n\t\t\t\t\t\t<div class=\"elementor-icon-box-icon\">\n\t\t\t\t<a href=\"mailto:contact@gcr-immo.fr\" class=\"elementor-icon\" tabindex=\"-1\">\n\t\t\t\t<svg aria-hidden=\"true\" class=\"e-font-icon-svg e-fas-mail-bulk\" viewBox=\"0 0 576 512\" xmlns=\"http:\/\/www.w3.org\/2000\/svg\"><path d=\"M160 448c-25.6 0-51.2-22.4-64-32-64-44.8-83.2-60.8-96-70.4V480c0 17.67 14.33 32 32 32h256c17.67 0 32-14.33 32-32V345.6c-12.8 9.6-32 25.6-96 70.4-12.8 9.6-38.4 32-64 32zm128-192H32c-17.67 0-32 14.33-32 32v16c25.6 19.2 22.4 19.2 115.2 86.4 9.6 6.4 28.8 25.6 44.8 25.6s35.2-19.2 44.8-22.4c92.8-67.2 89.6-67.2 115.2-86.4V288c0-17.67-14.33-32-32-32zm256-96H224c-17.67 0-32 14.33-32 32v32h96c33.21 0 60.59 25.42 63.71 57.82l.29-.22V416h192c17.67 0 32-14.33 32-32V192c0-17.67-14.33-32-32-32zm-32 128h-64v-64h64v64zm-352-96c0-35.29 28.71-64 64-64h224V32c0-17.67-14.33-32-32-32H96C78.33 0 64 14.33 64 32v192h96v-32z\"><\/path><\/svg>\t\t\t\t<\/a>\n\t\t\t<\/div>\n\t\t\t\n\t\t\t\n\t\t<\/div>\n\t\t\t\t\t\t<\/div>\n\t\t\t\t<\/div>\n\t\t\t\t<div class=\"elementor-element elementor-element-d9921cc elementor-widget elementor-widget-text-editor\" data-id=\"d9921cc\" data-element_type=\"widget\" data-e-type=\"widget\" data-widget_type=\"text-editor.default\">\n\t\t\t\t<div class=\"elementor-widget-container\">\n\t\t\t\t\t\t\t\t\t<p><a href=\"mailto:contact@gcr-immo.fr\">contact@gcr-immo.fr<\/a><\/p>\t\t\t\t\t\t\t\t<\/div>\n\t\t\t\t<\/div>\n\t\t\t\t<div class=\"elementor-element elementor-element-42388eb elementor-widget elementor-widget-spacer\" data-id=\"42388eb\" data-element_type=\"widget\" data-e-type=\"widget\" data-widget_type=\"spacer.default\">\n\t\t\t\t<div class=\"elementor-widget-container\">\n\t\t\t\t\t\t\t<div class=\"elementor-spacer\">\n\t\t\t<div class=\"elementor-spacer-inner\"><\/div>\n\t\t<\/div>\n\t\t\t\t\t\t<\/div>\n\t\t\t\t<\/div>\n\t\t\t\t<\/div>\n\t\t<div class=\"elementor-element elementor-element-863a708 e-con-full e-flex wpr-particle-no wpr-jarallax-no wpr-parallax-no wpr-sticky-section-no e-con e-child\" data-id=\"863a708\" data-element_type=\"container\" data-e-type=\"container\">\n\t\t\t\t<div class=\"elementor-element elementor-element-ecc3988 elementor-view-default elementor-position-block-start elementor-mobile-position-block-start elementor-widget elementor-widget-icon-box\" data-id=\"ecc3988\" data-element_type=\"widget\" data-e-type=\"widget\" data-widget_type=\"icon-box.default\">\n\t\t\t\t<div class=\"elementor-widget-container\">\n\t\t\t\t\t\t\t<div class=\"elementor-icon-box-wrapper\">\n\n\t\t\t\t\t\t<div class=\"elementor-icon-box-icon\">\n\t\t\t\t<span  class=\"elementor-icon\">\n\t\t\t\t<svg aria-hidden=\"true\" class=\"e-font-icon-svg e-fas-phone-alt\" viewBox=\"0 0 512 512\" xmlns=\"http:\/\/www.w3.org\/2000\/svg\"><path d=\"M497.39 361.8l-112-48a24 24 0 0 0-28 6.9l-49.6 60.6A370.66 370.66 0 0 1 130.6 204.11l60.6-49.6a23.94 23.94 0 0 0 6.9-28l-48-112A24.16 24.16 0 0 0 122.6.61l-104 24A24 24 0 0 0 0 48c0 256.5 207.9 464 464 464a24 24 0 0 0 23.4-18.6l24-104a24.29 24.29 0 0 0-14.01-27.6z\"><\/path><\/svg>\t\t\t\t<\/span>\n\t\t\t<\/div>\n\t\t\t\n\t\t\t\n\t\t<\/div>\n\t\t\t\t\t\t<\/div>\n\t\t\t\t<\/div>\n\t\t\t\t<div class=\"elementor-element elementor-element-2b5f2ec elementor-widget elementor-widget-text-editor\" data-id=\"2b5f2ec\" data-element_type=\"widget\" data-e-type=\"widget\" data-widget_type=\"text-editor.default\">\n\t\t\t\t<div class=\"elementor-widget-container\">\n\t\t\t\t\t\t\t\t\t<p><a href=\"tel:0611496548\">06 11 49 65 48<\/a><\/p>\t\t\t\t\t\t\t\t<\/div>\n\t\t\t\t<\/div>\n\t\t\t\t<div class=\"elementor-element elementor-element-87c1ad3 elementor-widget elementor-widget-spacer\" data-id=\"87c1ad3\" data-element_type=\"widget\" data-e-type=\"widget\" data-widget_type=\"spacer.default\">\n\t\t\t\t<div class=\"elementor-widget-container\">\n\t\t\t\t\t\t\t<div class=\"elementor-spacer\">\n\t\t\t<div class=\"elementor-spacer-inner\"><\/div>\n\t\t<\/div>\n\t\t\t\t\t\t<\/div>\n\t\t\t\t<\/div>\n\t\t\t\t<\/div>\n\t\t\t\t<\/div>\n\t\t\t\t<\/div>\n\t\t\t\t<\/div>\n\t\t\t\t\t<\/div>\n\t\t\t\t<\/div>\n\t\t\t\t<\/div>\n\t\t","protected":false},"excerpt":{"rendered":"<p>Qui sommes-nous ? Cr\u00e9\u00e9e en 2010, GCR est une entreprise sp\u00e9cialis\u00e9e dans la cr\u00e9ation des espaces de travail. Nos domaines d\u2019activit\u00e9s sont multiples avec des b\u00e2timents artisanaux, des ateliers et industries, des bureaux et plateaux de co-working. Notre parti pris est de proposer la meilleure configuration pour le bien-\u00eatre des \u00e9quipes et l\u2019efficacit\u00e9 des process. Votre local doit \u00eatre \u00e0 votre image et r\u00e9pondre \u00e0 vos exigences. Vous avez un projet d\u2019implantation, de cr\u00e9ation ou d\u2019agrandissement ? Prenez rendez-vous avec Julien Cannard. 06 11 49 65 48 \/ contact@gcr-immo.fr CONTACTEZ-NOUS 10 Rue Graham Bell &#8211; ZA3R &#8211; 70190 RIOZ contact@gcr-immo.fr 06 11 49 65 48<\/p>\n","protected":false},"author":1,"featured_media":0,"parent":0,"menu_order":0,"comment_status":"closed","ping_status":"closed","template":"","meta":{"inline_featured_image":false,"footnotes":""},"class_list":["post-65","page","type-page","status-publish","hentry"],"yoast_head":"<!-- This site is optimized with the Yoast SEO plugin v27.3 - https:\/\/yoast.com\/product\/yoast-seo-wordpress\/ -->\n<title>Notre structure - GCR<\/title>\n<meta name=\"robots\" content=\"index, follow, max-snippet:-1, max-image-preview:large, max-video-preview:-1\" \/>\n<link rel=\"canonical\" href=\"https:\/\/gcr-immo.fr\/?page_id=65\" \/>\n<meta property=\"og:locale\" content=\"fr_FR\" \/>\n<meta property=\"og:type\" content=\"article\" \/>\n<meta property=\"og:title\" content=\"Notre structure - GCR\" \/>\n<meta property=\"og:description\" content=\"Qui sommes-nous ? Cr\u00e9\u00e9e en 2010, GCR est une entreprise sp\u00e9cialis\u00e9e dans la cr\u00e9ation des espaces de travail. Nos domaines d\u2019activit\u00e9s sont multiples avec des b\u00e2timents artisanaux, des ateliers et industries, des bureaux et plateaux de co-working. Notre parti pris est de proposer la meilleure configuration pour le bien-\u00eatre des \u00e9quipes et l\u2019efficacit\u00e9 des process. Votre local doit \u00eatre \u00e0 votre image et r\u00e9pondre \u00e0 vos exigences. Vous avez un projet d\u2019implantation, de cr\u00e9ation ou d\u2019agrandissement ? Prenez rendez-vous avec Julien Cannard. 06 11 49 65 48 \/ contact@gcr-immo.fr CONTACTEZ-NOUS 10 Rue Graham Bell &#8211; ZA3R &#8211; 70190 RIOZ contact@gcr-immo.fr 06 11 49 65 48\" \/>\n<meta property=\"og:url\" content=\"https:\/\/gcr-immo.fr\/?page_id=65\" \/>\n<meta property=\"og:site_name\" content=\"GCR\" \/>\n<meta property=\"article:modified_time\" content=\"2025-05-20T13:49:55+00:00\" \/>\n<meta property=\"og:image\" content=\"http:\/\/gcr-immo.fr\/wp-content\/uploads\/2025\/05\/Visuel-Fabrique-a-motos-sans-logo@1x_1-768x432.jpg\" \/>\n<meta name=\"twitter:card\" content=\"summary_large_image\" \/>\n<meta name=\"twitter:label1\" content=\"Dur\u00e9e de lecture estim\u00e9e\" \/>\n\t<meta name=\"twitter:data1\" content=\"1 minute\" \/>\n<script type=\"application\/ld+json\" class=\"yoast-schema-graph\">{\"@context\":\"https:\\\/\\\/schema.org\",\"@graph\":[{\"@type\":\"WebPage\",\"@id\":\"https:\\\/\\\/gcr-immo.fr\\\/?page_id=65\",\"url\":\"https:\\\/\\\/gcr-immo.fr\\\/?page_id=65\",\"name\":\"Notre structure - GCR\",\"isPartOf\":{\"@id\":\"https:\\\/\\\/gcr-immo.fr\\\/#website\"},\"primaryImageOfPage\":{\"@id\":\"https:\\\/\\\/gcr-immo.fr\\\/?page_id=65#primaryimage\"},\"image\":{\"@id\":\"https:\\\/\\\/gcr-immo.fr\\\/?page_id=65#primaryimage\"},\"thumbnailUrl\":\"http:\\\/\\\/gcr-immo.fr\\\/wp-content\\\/uploads\\\/2025\\\/05\\\/Visuel-Fabrique-a-motos-sans-logo@1x_1-768x432.jpg\",\"datePublished\":\"2025-05-14T12:23:33+00:00\",\"dateModified\":\"2025-05-20T13:49:55+00:00\",\"breadcrumb\":{\"@id\":\"https:\\\/\\\/gcr-immo.fr\\\/?page_id=65#breadcrumb\"},\"inLanguage\":\"fr-FR\",\"potentialAction\":[{\"@type\":\"ReadAction\",\"target\":[\"https:\\\/\\\/gcr-immo.fr\\\/?page_id=65\"]}]},{\"@type\":\"ImageObject\",\"inLanguage\":\"fr-FR\",\"@id\":\"https:\\\/\\\/gcr-immo.fr\\\/?page_id=65#primaryimage\",\"url\":\"https:\\\/\\\/gcr-immo.fr\\\/wp-content\\\/uploads\\\/2025\\\/05\\\/Visuel-Fabrique-a-motos-sans-logo@1x_1-e1747402446401.jpg\",\"contentUrl\":\"https:\\\/\\\/gcr-immo.fr\\\/wp-content\\\/uploads\\\/2025\\\/05\\\/Visuel-Fabrique-a-motos-sans-logo@1x_1-e1747402446401.jpg\",\"width\":764,\"height\":409},{\"@type\":\"BreadcrumbList\",\"@id\":\"https:\\\/\\\/gcr-immo.fr\\\/?page_id=65#breadcrumb\",\"itemListElement\":[{\"@type\":\"ListItem\",\"position\":1,\"name\":\"Accueil\",\"item\":\"https:\\\/\\\/gcr-immo.fr\\\/\"},{\"@type\":\"ListItem\",\"position\":2,\"name\":\"Notre structure\"}]},{\"@type\":\"WebSite\",\"@id\":\"https:\\\/\\\/gcr-immo.fr\\\/#website\",\"url\":\"https:\\\/\\\/gcr-immo.fr\\\/\",\"name\":\"GCR\",\"description\":\"Un site utilisant Wordpress\",\"publisher\":{\"@id\":\"https:\\\/\\\/gcr-immo.fr\\\/#organization\"},\"potentialAction\":[{\"@type\":\"SearchAction\",\"target\":{\"@type\":\"EntryPoint\",\"urlTemplate\":\"https:\\\/\\\/gcr-immo.fr\\\/?s={search_term_string}\"},\"query-input\":{\"@type\":\"PropertyValueSpecification\",\"valueRequired\":true,\"valueName\":\"search_term_string\"}}],\"inLanguage\":\"fr-FR\"},{\"@type\":\"Organization\",\"@id\":\"https:\\\/\\\/gcr-immo.fr\\\/#organization\",\"name\":\"GCR\",\"url\":\"https:\\\/\\\/gcr-immo.fr\\\/\",\"logo\":{\"@type\":\"ImageObject\",\"inLanguage\":\"fr-FR\",\"@id\":\"https:\\\/\\\/gcr-immo.fr\\\/#\\\/schema\\\/logo\\\/image\\\/\",\"url\":\"https:\\\/\\\/gcr-immo.fr\\\/wp-content\\\/uploads\\\/2025\\\/05\\\/cropped-Logo-GCR-1.png\",\"contentUrl\":\"https:\\\/\\\/gcr-immo.fr\\\/wp-content\\\/uploads\\\/2025\\\/05\\\/cropped-Logo-GCR-1.png\",\"width\":271,\"height\":132,\"caption\":\"GCR\"},\"image\":{\"@id\":\"https:\\\/\\\/gcr-immo.fr\\\/#\\\/schema\\\/logo\\\/image\\\/\"}}]}<\/script>\n<!-- \/ Yoast SEO plugin. -->","yoast_head_json":{"title":"Notre structure - GCR","robots":{"index":"index","follow":"follow","max-snippet":"max-snippet:-1","max-image-preview":"max-image-preview:large","max-video-preview":"max-video-preview:-1"},"canonical":"https:\/\/gcr-immo.fr\/?page_id=65","og_locale":"fr_FR","og_type":"article","og_title":"Notre structure - GCR","og_description":"Qui sommes-nous ? Cr\u00e9\u00e9e en 2010, GCR est une entreprise sp\u00e9cialis\u00e9e dans la cr\u00e9ation des espaces de travail. Nos domaines d\u2019activit\u00e9s sont multiples avec des b\u00e2timents artisanaux, des ateliers et industries, des bureaux et plateaux de co-working. Notre parti pris est de proposer la meilleure configuration pour le bien-\u00eatre des \u00e9quipes et l\u2019efficacit\u00e9 des process. Votre local doit \u00eatre \u00e0 votre image et r\u00e9pondre \u00e0 vos exigences. Vous avez un projet d\u2019implantation, de cr\u00e9ation ou d\u2019agrandissement ? Prenez rendez-vous avec Julien Cannard. 06 11 49 65 48 \/ contact@gcr-immo.fr CONTACTEZ-NOUS 10 Rue Graham Bell &#8211; ZA3R &#8211; 70190 RIOZ contact@gcr-immo.fr 06 11 49 65 48","og_url":"https:\/\/gcr-immo.fr\/?page_id=65","og_site_name":"GCR","article_modified_time":"2025-05-20T13:49:55+00:00","og_image":[{"url":"http:\/\/gcr-immo.fr\/wp-content\/uploads\/2025\/05\/Visuel-Fabrique-a-motos-sans-logo@1x_1-768x432.jpg","type":"","width":"","height":""}],"twitter_card":"summary_large_image","twitter_misc":{"Dur\u00e9e de lecture estim\u00e9e":"1 minute"},"schema":{"@context":"https:\/\/schema.org","@graph":[{"@type":"WebPage","@id":"https:\/\/gcr-immo.fr\/?page_id=65","url":"https:\/\/gcr-immo.fr\/?page_id=65","name":"Notre structure - GCR","isPartOf":{"@id":"https:\/\/gcr-immo.fr\/#website"},"primaryImageOfPage":{"@id":"https:\/\/gcr-immo.fr\/?page_id=65#primaryimage"},"image":{"@id":"https:\/\/gcr-immo.fr\/?page_id=65#primaryimage"},"thumbnailUrl":"http:\/\/gcr-immo.fr\/wp-content\/uploads\/2025\/05\/Visuel-Fabrique-a-motos-sans-logo@1x_1-768x432.jpg","datePublished":"2025-05-14T12:23:33+00:00","dateModified":"2025-05-20T13:49:55+00:00","breadcrumb":{"@id":"https:\/\/gcr-immo.fr\/?page_id=65#breadcrumb"},"inLanguage":"fr-FR","potentialAction":[{"@type":"ReadAction","target":["https:\/\/gcr-immo.fr\/?page_id=65"]}]},{"@type":"ImageObject","inLanguage":"fr-FR","@id":"https:\/\/gcr-immo.fr\/?page_id=65#primaryimage","url":"https:\/\/gcr-immo.fr\/wp-content\/uploads\/2025\/05\/Visuel-Fabrique-a-motos-sans-logo@1x_1-e1747402446401.jpg","contentUrl":"https:\/\/gcr-immo.fr\/wp-content\/uploads\/2025\/05\/Visuel-Fabrique-a-motos-sans-logo@1x_1-e1747402446401.jpg","width":764,"height":409},{"@type":"BreadcrumbList","@id":"https:\/\/gcr-immo.fr\/?page_id=65#breadcrumb","itemListElement":[{"@type":"ListItem","position":1,"name":"Accueil","item":"https:\/\/gcr-immo.fr\/"},{"@type":"ListItem","position":2,"name":"Notre structure"}]},{"@type":"WebSite","@id":"https:\/\/gcr-immo.fr\/#website","url":"https:\/\/gcr-immo.fr\/","name":"GCR","description":"Un site utilisant Wordpress","publisher":{"@id":"https:\/\/gcr-immo.fr\/#organization"},"potentialAction":[{"@type":"SearchAction","target":{"@type":"EntryPoint","urlTemplate":"https:\/\/gcr-immo.fr\/?s={search_term_string}"},"query-input":{"@type":"PropertyValueSpecification","valueRequired":true,"valueName":"search_term_string"}}],"inLanguage":"fr-FR"},{"@type":"Organization","@id":"https:\/\/gcr-immo.fr\/#organization","name":"GCR","url":"https:\/\/gcr-immo.fr\/","logo":{"@type":"ImageObject","inLanguage":"fr-FR","@id":"https:\/\/gcr-immo.fr\/#\/schema\/logo\/image\/","url":"https:\/\/gcr-immo.fr\/wp-content\/uploads\/2025\/05\/cropped-Logo-GCR-1.png","contentUrl":"https:\/\/gcr-immo.fr\/wp-content\/uploads\/2025\/05\/cropped-Logo-GCR-1.png","width":271,"height":132,"caption":"GCR"},"image":{"@id":"https:\/\/gcr-immo.fr\/#\/schema\/logo\/image\/"}}]}},"_links":{"self":[{"href":"https:\/\/gcr-immo.fr\/index.php?rest_route=\/wp\/v2\/pages\/65","targetHints":{"allow":["GET"]}}],"collection":[{"href":"https:\/\/gcr-immo.fr\/index.php?rest_route=\/wp\/v2\/pages"}],"about":[{"href":"https:\/\/gcr-immo.fr\/index.php?rest_route=\/wp\/v2\/types\/page"}],"author":[{"embeddable":true,"href":"https:\/\/gcr-immo.fr\/index.php?rest_route=\/wp\/v2\/users\/1"}],"replies":[{"embeddable":true,"href":"https:\/\/gcr-immo.fr\/index.php?rest_route=%2Fwp%2Fv2%2Fcomments&post=65"}],"version-history":[{"count":137,"href":"https:\/\/gcr-immo.fr\/index.php?rest_route=\/wp\/v2\/pages\/65\/revisions"}],"predecessor-version":[{"id":1037,"href":"https:\/\/gcr-immo.fr\/index.php?rest_route=\/wp\/v2\/pages\/65\/revisions\/1037"}],"wp:attachment":[{"href":"https:\/\/gcr-immo.fr\/index.php?rest_route=%2Fwp%2Fv2%2Fmedia&parent=65"}],"curies":[{"name":"wp","href":"https:\/\/api.w.org\/{rel}","templated":true}]}}